g - 43145 = -264146. What are the prime factors of g?
11, 181
Suppose -4*b + 3*b - 2*z = -19, -z = -4. Let o = -9 + b. Suppose -o*j = 2*j - 120. What are the prime factors of j?
2, 3, 5
Let b(l) = -l**3 + 9*l**2 - 7*l + 10. Let i be b(8). Let y = -18 + i. Suppose y = 6*a - 78 - 36. What are the prime factors of a?
19
List the prime factors of ((-1)/(-2)*-1511)/((-28)/56).
1511
What are the prime factors of ((-7385)/14)/(6/(-24))?
2, 5, 211
Let x(u) = -u - 3. Let q be x(-11). Suppose 2*k + 3*t - 4 = 0, 3*k = -t - 0*t - q. What are the prime factors of (-2)/k - 105/(-6)?
2, 3
List the prime factors of (5 + -6 + -154)*-3 - -1.
2, 233
Let h(s) = -s**2 - 10*s - 10. Let j be h(-8). Let b = -3 + j. Suppose -3*q + q + 47 = -b*i, q + 5*i - 30 = 0. List the prime factors of q.
5
Suppose 7002 = 4*m - 1894. List the prime factors of m.
2, 139
Suppose -4*s = 880 - 4428. What are the prime factors of s?
887
Let b(t) = t**2 - 5*t - 4. Let l be b(6). Suppose l*m - 18 = -4*z + z, -3*m - 11 = -5*z. Suppose -m*r = -50 - 13. What are the prime factors of r?
3, 7
Suppose 7*r - 3*r = -72. List the prime factors of r/24 - (294/(-8) + -2).
2, 19
Suppose 4*v + 45 - 61 = 0. Suppose 4*n = -s + 3*n + 34, -v*s + 2*n + 130 = 0. List the prime factors of s.
3, 11
Let j(r) = r**3 + 6*r**2 - 6*r + 13. Suppose -4*g + 10 = 3*l, 3*g = g - 2*l + 4. Suppose 4 = -2*v, -2*v = -g*q + q - 17. What are the prime factors of j(q)?
2, 3
Let b = 3349 - 90. What are the prime factors of b?
3259
Suppose -36*f + 26269 + 11711 = 0. List the prime factors of f.
5, 211
Suppose 452 - 95 = 5*z - 3*a, -4*z - 5*a + 256 = 0. Suppose 5*t - 393 = 4*m, -2*t - 4*m + 105 = -z. What are the prime factors of t?
3
Let n(j) = 2*j - 19. Let f be n(8). What are the prime factors of (-2)/(2/f) - -128?
131
Let x(y) be the second derivative of 23*y**4/12 + 2*y**3/3 + 7*y**2/2 + 14*y. What are the prime factors of x(-2)?
7, 13
Suppose 0 = 5*r + 5*n - 13520 - 5000, -4*r = n - 14819. What are the prime factors of r?
3, 5, 13, 19
Let r be 3*(2/(-6) - -1). Suppose 4*z - y = 3*z - r, 5*z + 4*y = 26. Suppose 0 = 3*b + s - 47, -z*s + 33 + 29 = 4*b. List the prime factors of b.
2
Suppose -o + 211 = -284. Suppose -244 - 59 = -3*c + 3*a, -5*c - 5*a + o = 0. List the prime factors of c.
2, 5
Let w be -6*1*-2*6/18. Suppose w*i + 4*y - 204 = -0*y, 5*y = 0. List the prime factors of i.
3, 17
Suppose -16*l - 11 + 75 = 0. Let o be (0 + 2)*(-3)/3. Let j = l + o. List the prime factors of j.
2
Let i(h) = 8 + 8*h + 0*h - 4 + 6. Let a be i(7). What are the prime factors of 3/(-3 + 207/a)?
2, 11
Let y be (-3)/(9/12) - 3. Let u = y - -9. Suppose 8 = h - r - 6, 62 = 4*h + u*r. What are the prime factors of h?
3, 5
Let q(o) = o**3 + 8*o**2 + 5. Let s be q(-8). Let t = 13 - 5. Suppose t*x - s*x = 108. What are the prime factors of x?
2, 3
Suppose 5*j - 4*h + 570 = 0, -2*j - 42 = 4*h + 186. Let g = j - -272. What are the prime factors of g?
2, 79
Suppose -149*m + 134316 = -108*m. What are the prime factors of m?
2, 3, 7, 13
Let w be -3 - -4 - (-18 - 2). Let k = 41 - w. List the prime factors of k.
2, 5
Let s(d) be the first derivative of -d**4 + d**3/3 + 2*d**2 + 2*d - 13. List the prime factors of s(-4).
2, 3, 43
List the prime factors of (4436/6)/((8/(-6))/(-2)).
1109
Suppose 0*j + 5*j + r = 12489, j - 2495 = -3*r. What are the prime factors of j?
2, 1249
Let u(s) = 24*s**2 - 1. Let b be ((-8)/(-12))/((-2)/(-3)). List the prime factors of u(b).
23
Suppose -3*q + 3*t + 5 = -t, -t = -3*q - 1. List the prime factors of 3 + q - -2 - -226.
2, 5, 23
Suppose 56164 = 15*a - 371. List the prime factors of a.
3769
Let r(j) = 21*j + 24*j + 15 - 33*j + j**2. Let o be r(-11). Suppose o*n + 163 = 415. What are the prime factors of n?
3, 7
Let b(x) = -1 + 10*x**2 + 6 + 5*x + 7 - 8. Let l be b(-4). What are the prime factors of 976/l - (-4)/18?
7
Let i(n) = 68*n - 83. What are the prime factors of i(17)?
29, 37
Suppose 0 = -3*i + 41 + 67. Let k be -2*(0 + i/8). Let y(g) = -4*g - 10. What are the prime factors of y(k)?
2, 13
Let r(p) = p**2 + 6*p. Let z be r(-6). Suppose -2*y - 10 - 4 = z. Let k = y + 13. List the prime factors of k.
2, 3
Suppose 3*h - 3 = -3*x + 3, -2*h = -x + 8. Suppose -2*c = 2*v - 2, 4*c - 2 = -2*v + x. List the prime factors of c/(4*1/12).
2, 3
Let o(m) = -126*m**3 - 8*m**2 - 3*m + 1. What are the prime factors of o(-2)?
983
Let d = 105 - 66. Suppose -4*f + 220 + 44 = 0. Let n = f - d. List the prime factors of n.
3
Let j = 1492 - 933. List the prime factors of j.
13, 43
Suppose 4*h + 2 = 5*w + 5, -2*w = -4*h + 6. Suppose -2*o - 3*a - 50 + 291 = 0, h*o - 242 = -2*a. What are the prime factors of o?
2, 61
Let c be (-4)/8 - (-18)/4. Suppose -4*b = -v - c*v + 44, v - 28 = 4*b. Let h(l) = -2*l + 7. List the prime factors of h(b).
19
Suppose 12*b = 9*b. What are the prime factors of 60 - (b - -1)*(-5 - -8)?
3, 19
Let w be 8*1 - (-9)/3. Suppose -2*o = -3*b - 7 - 5, 3*o - b = w. What are the prime factors of (-55)/(-2) - o/(-6)?
2, 7
Let l be (-4 + 3)/((-1)/9). Suppose -l = -3*c + 12. Suppose c*j - 12 = 5*j. List the prime factors of j.
2, 3
Suppose 4*k - 3*g + 11 = -4*g, 3*k + 9 = -g. Let n be 36/(-8)*k/3. What are the prime factors of (-2)/n*201/(-2)?
67
Suppose 5*s = -v + 4393, 4*s + 3*v - 2635 = 875. What are the prime factors of s?
3, 293
Let m(p) = 52*p + 14. Suppose 4*h - 18 = -5*s, -5*h + 21 = 5*s + 1. List the prime factors of m(s).
2, 59
Suppose 2*q = i - 766 + 270, -3*i - 2*q = -1472. Suppose -5*c = -c - i. List the prime factors of c.
3, 41
List the prime factors of 15/(165/44) - -4265.
3, 1423
Let b be (-136)/36 - (-6)/(-27). Let f be -1*b/2 - 0. What are the prime factors of f + (0 - 0/(-2))?
2
Suppose d + 3*d - 2*k - 10 = 0, -2*d - 3*k - 15 = 0. Let w be 88/8 - (d + -4). Let q(c) = -c**2 + 20*c + 4. List the prime factors of q(w).
79
Let l(c) = 14*c**3 + 6*c**2 + 53*c + 23. Let o(s) = -5*s**3 - 2*s**2 - 18*s - 8. Let t(m) = -4*l(m) - 11*o(m). What are the prime factors of t(-5)?
3, 47
Let t(o) = o**2 - 13*o - 31. Let r be t(-15). Let x = r - 212. What are the prime factors of x?
3, 59
Let f(h) = -h**3 - 9*h**2 + 8*h - 8. Let i be f(-10). Suppose -i = -n + 15. What are the prime factors of n?
3
Let o = -7 - -11. What are the prime factors of (16/(-12))/(o/(-294))?
2, 7
Suppose 4*r = 672 + 1540. What are the prime factors of r?
7, 79
Suppose 31*g - 10029 = 89450. What are the prime factors of g?
3209
Suppose 3*w - 158 = 2*o - 648, -4*o - 4*w = -960. List the prime factors of o.
2, 11
Let j(y) = -21*y**3 - 8*y - 31. What are the prime factors of j(-6)?
29, 157
Let f be 259/49 - 2/7. List the prime factors of (4775/35)/f - 2/7.
3
Let x be 1*(-4)/(-8)*0. Suppose 2*a + 0 = -w + 4, x = w - 5*a - 39. What are the prime factors of w?
2, 7
Let q(k) = -4*k - 16. Let l be q(-9). Suppose 70 = 22*v - l*v. What are the prime factors of v?
5, 7
Let q(v) = -29*v - 218. List the prime factors of q(-18).
2, 19
List the prime factors of ((-598)/115)/((-1)/65).
2, 13
List the prime factors of 4*701 + -3 + -1 + 0.
2, 5, 7
Let g(m) = m**2 + 15*m + 546. List the prime factors of g(-50).
2, 7, 41
Suppose 4*a + 6 = a. Let w be (-1 - 1)/2 - (-35)/(-1). List the prime factors of a - w - (0 - 4).
2, 19
Let y = 4220 - 2799. What are the prime factors of y?
7, 29
Suppose -2*b + 0*b = -42. Let t be 75/(-2)*(-22)/33. Let h = t - b. What are the prime factors of h?
2
Suppose m + m - 242 = 0. Suppose 0 = 3*w + m - 403. Suppose 5*a - 3*i + 0*i - w = 0, 5*a - 82 = -i. List the prime factors of a.
17
Suppose -4*s - 223 = 3*t, 4*s + t + 203 + 10 = 0. Let r = s - -138. List the prime factors of r.
2, 43
What are the prime factors of (-5048)/(-6)*1*(-3)/(-2)?
2, 631
Let c(x) = -9*x**2 - 44*x - 71. Let d(i) = 5*i**2 + 22*i + 35. Let p(b) = 4*c(b) + 7*d(b). What are the prime factors of p(-17)?
2, 23
Let m = -11 + 13. Suppose -6*r = -m*r - 20. Suppose 0 = 2*n - 8, r*n = -2*i - 3*i + 135. List the prime factors of i.
23
Let x(i) = -2*i**2 - 5*i + 5. Let k be x(2). Let s = 91 + k. List the prime factors of s.
2, 3, 13
Suppose 206 = -5*c + d, c + 3*d - 2 = -56. Let n = c + 53. What are the prime factors of n?
11
Let z be ((-242)/(-6))/((-3)/9). Suppose -486 = -5*f + 5*b + 384, -f + 156 = 5*b. Let h = f + z. What are the prime factors of h?
2, 5
Let x(d) = d**3 - 13*